{"id":500,"date":"2014-01-19T19:26:05","date_gmt":"2014-01-19T18:26:05","guid":{"rendered":"http:\/\/osp.slonsk.pl\/?page_id=500"},"modified":"2015-04-17T11:45:39","modified_gmt":"2015-04-17T09:45:39","slug":"nasz-sztandar","status":"publish","type":"page","link":"http:\/\/osp.slonsk.pl\/?page_id=500","title":{"rendered":"Nasz sztandar"},"content":{"rendered":"<p style=\"text-align: center;\"><a href=\"http:\/\/osp.slonsk.pl\/wp-content\/uploads\/2014\/01\/sztandar1.jpg\"><img loading=\"lazy\" decoding=\"async\" class=\"aligncenter  wp-image-501\" src=\"http:\/\/osp.slonsk.pl\/wp-content\/uploads\/2014\/01\/sztandar1.jpg\" alt=\"sztandar foto 1\" width=\"500\" height=\"606\" srcset=\"http:\/\/osp.slonsk.pl\/wp-content\/uploads\/2014\/01\/sztandar1.jpg 800w, http:\/\/osp.slonsk.pl\/wp-content\/uploads\/2014\/01\/sztandar1-247x300.jpg 247w\" sizes=\"auto, (max-width: 500px) 100vw, 500px\" \/><\/a> <a href=\"http:\/\/osp.slonsk.pl\/wp-content\/uploads\/2014\/01\/sztandar2.jpg\"><img loading=\"lazy\" decoding=\"async\" class=\"aligncenter  wp-image-502\" src=\"http:\/\/osp.slonsk.pl\/wp-content\/uploads\/2014\/01\/sztandar2-253x300.jpg\" alt=\"sztandar foto 2\" width=\"500\" height=\"593\" srcset=\"http:\/\/osp.slonsk.pl\/wp-content\/uploads\/2014\/01\/sztandar2-253x300.jpg 253w, http:\/\/osp.slonsk.pl\/wp-content\/uploads\/2014\/01\/sztandar2.jpg 800w\" sizes=\"auto, (max-width: 500px) 100vw, 500px\" \/><\/a><\/p>\n<p style=\"text-align: center;\"><a href=\"http:\/\/osp.slonsk.pl\/wp-content\/uploads\/2014\/01\/akt-nadania-sztandaru.jpg\"><img loading=\"lazy\" decoding=\"async\" class=\"aligncenter wp-image-2676\" src=\"http:\/\/osp.slonsk.pl\/wp-content\/uploads\/2014\/01\/akt-nadania-sztandaru.jpg\" alt=\"akt nadania sztandaru\" width=\"500\" height=\"640\" srcset=\"http:\/\/osp.slonsk.pl\/wp-content\/uploads\/2014\/01\/akt-nadania-sztandaru.jpg 600w, http:\/\/osp.slonsk.pl\/wp-content\/uploads\/2014\/01\/akt-nadania-sztandaru-234x300.jpg 234w\" sizes=\"auto, (max-width: 500px) 100vw, 500px\" \/><\/a><\/p>\n<p style=\"text-align: left;\"><span style=\"color: #0000ff;\"><strong><a title=\"Przekazanie sztandaru dla OSP S\u0142o\u0144sk\" href=\"http:\/\/osp.slonsk.pl\/?page_id=512\"><span style=\"color: #0000ff;\">Przekazanie sztandaru dla OSP S\u0142o\u0144sk &#8211; kliknij aby zobaczy\u0107 szczeg\u00f3\u0142y<\/span><\/a><\/strong><\/span><\/p>\n","protected":false},"excerpt":{"rendered":"<p>Przekazanie sztandaru dla OSP S\u0142o\u0144sk &#8211; kliknij aby zobaczy\u0107 szczeg\u00f3\u0142y<\/p>\n","protected":false},"author":1,"featured_media":0,"parent":0,"menu_order":0,"comment_status":"closed","ping_status":"open","template":"","meta":{"footnotes":""},"class_list":["post-500","page","type-page","status-publish","hentry"],"_links":{"self":[{"href":"http:\/\/osp.slonsk.pl\/index.php?rest_route=\/wp\/v2\/pages\/500","targetHints":{"allow":["GET"]}}],"collection":[{"href":"http:\/\/osp.slonsk.pl\/index.php?rest_route=\/wp\/v2\/pages"}],"about":[{"href":"http:\/\/osp.slonsk.pl\/index.php?rest_route=\/wp\/v2\/types\/page"}],"author":[{"embeddable":true,"href":"http:\/\/osp.slonsk.pl\/index.php?rest_route=\/wp\/v2\/users\/1"}],"replies":[{"embeddable":true,"href":"http:\/\/osp.slonsk.pl\/index.php?rest_route=%2Fwp%2Fv2%2Fcomments&post=500"}],"version-history":[{"count":5,"href":"http:\/\/osp.slonsk.pl\/index.php?rest_route=\/wp\/v2\/pages\/500\/revisions"}],"predecessor-version":[{"id":2678,"href":"http:\/\/osp.slonsk.pl\/index.php?rest_route=\/wp\/v2\/pages\/500\/revisions\/2678"}],"wp:attachment":[{"href":"http:\/\/osp.slonsk.pl\/index.php?rest_route=%2Fwp%2Fv2%2Fmedia&parent=500"}],"curies":[{"name":"wp","href":"https:\/\/api.w.org\/{rel}","templated":true}]}}